*s - 36 = 87. Let j = s + -13. What is the units digit of j?
8
Suppose -a = 1 - 5. Suppose 3*q - q - a = 0. Let i(u) = 4*u - 2. What is the units digit of i(q)?
6
Suppose 6*h - 4*h - 37 = 5*f, 3*h - 28 = 2*f. Suppose h = -o - 0*o. Let n(k) = -k**2 - 7*k + 3. What is the units digit of n(o)?
9
Suppose -3*z + 147 = 4*y, 3*y + 5*z - 29 = 95. What is the units digit of y?
3
Let b(i) = 2*i + 14. What is the units digit of b(8)?
0
Let g be (-65)/(-7) - 4/14. Let q = g - 30. What is the units digit of ((-2)/3)/(2/q)?
7
Let o(g) be the second derivative of g**5/60 - g**4/6 + g**3/6 + g. Let z(r) be the second derivative of o(r). What is the units digit of z(6)?
8
Let d(p) = -55*p + 5. What is the hundreds digit of d(-2)?
1
Let v(y) = -y**3 - 9*y**2 + y + 9. Let x be v(-9). Suppose 3*s - 11 = -5*g, x*g + 4*s + 20 = 2*g. What is the units digit of g?
4
Let r(k) = 2*k**2 + k - 15. What is the tens digit of r(5)?
4
Suppose 3*g = -0*q + q + 9, -3*q - 9 = -3*g. Suppose 5*h + 3*y - 20 = 0, q*h - 5*y = -2*h + 8. What is the units digit of h?
4
Let k be (-16)/(-6)*15/20. Suppose -v + 15 = -k*v + 5*b, 2*v + b - 14 = 0. What is the units digit of v?
5
What is the tens digit of (54/21)/3*63?
5
Let b = 0 + 0. Let h = b - -6. What is the units digit of h?
6
Suppose -46*i - 1364 = -50*i. What is the hundreds digit of i?
3
Let f(b) = -b**3 - 2*b**2 + 5*b + 3. Let v be f(-4). Suppose -12 = -3*u + v. What is the units digit of u?
9
Let o = 2 + -2. Suppose -5*y + 5 = o, -4*y + 20 = -3*l + 7*l. Suppose -2 = 2*t - l*t. What is the units digit of t?
1
Suppose -3*h = 2*t - 8*h - 260, 2*t + 3*h - 228 = 0. What is the tens digit of t?
2
Let k(z) = -z**2 - 14*z - 11. Let w be k(-11). Suppose -q = -v - w, -38 = 3*q - 5*q + 4*v. What is the units digit of q?
5
Suppose 6*m - 2*m = 2*x - 186, 3*m + 294 = 3*x. What is the hundreds digit of x?
1
Suppose 123 = -4*x + 1251. What is the units digit of x?
2
Let q = -210 + 356. Suppose -3*x - q = -5*s, 5*x = 5*s + x - 148. What is the tens digit of s?
2
Let r(a) = -13*a + 4. What is the units digit of r(-4)?
6
Let l(i) = 4*i - 2*i + 0*i. Suppose -20 = -r - 4*r. What is the units digit of l(r)?
8
Suppose -m - 2 = 2*o, -4*o + 3 + 5 = -m. Suppose 11 = 3*u - o. Suppose 5*w - 24 = -2*z + 5, -2*z + 20 = -u*w. What is the tens digit of z?
1
Let n be 2/1 - (-2 - -8). What is the units digit of (-6)/24 + (-85)/n?
1
Let d(z) be the second derivative of 11*z**4/6 - z**3/3 + z**2/2 - 6*z. What is the units digit of d(1)?
1
Let o be -2*(2 + (-6)/(-4)). Let n be (-2)/o + (-1211)/(-49). Suppose x - 6*x = -n. What is the units digit of x?
5
What is the tens digit of -6 - (2 - (-12)/(-3)) - -135?
3
Let v = 2 - -1. Suppose 0 = -4*i - 5*z + 11, -5*i + v*z + 0*z + 23 = 0. Suppose -2*w = i*j - 14, -4*j = -0*w - w + 7. What is the units digit of w?
7
Let u be 5/3 + 6/(-9). Let r(v) = 31*v**3 - 1. Let f be r(u). Let s = f + -21. What is the units digit of s?
9
Let u be -6*(-1 - (-7)/3). Let o = u - -13. Suppose o*c = 2*w - 4*w + 32, 2*c + w = 13. What is the units digit of c?
6
Let u = 10 + -6. Let g(p) = 2*p - 6. Let s be g(u). Suppose -2*m + z = -34, m + 5*z - s - 15 = 0. What is the units digit of m?
7
Let n = -13 + 22. Let b = n + 4. What is the units digit of b?
3
Suppose -128 = 9*a - 13*a. What is the tens digit of a?
3
What is the hundreds digit of -5*1/(-15) + (-850)/(-6)?
1
Let a(g) = -g**2 - 15*g - 1. What is the units digit of a(-13)?
5
Let b(v) = -107*v - 3. What is the units digit of b(-1)?
4
Suppose 0 = 3*w + 289 - 805. What is the tens digit of w?
7
What is the units digit of 4296/48 - (-2)/(-4)?
9
Suppose 4*x + q = 72, 3*x = -3*q - 2*q + 54. Suppose -4 = -4*v, -x = 2*a - 7*a + 2*v. What is the units digit of a?
4
Let q = 8 - 6. Suppose 3*n - q*l - 36 = 0, n + l - 22 + 5 = 0. What is the units digit of n?
4
Suppose 7 = -5*k - 3, 2*x = 5*k + 150. What is the units digit of x?
0
Suppose 0 = 4*t + 3*u - 16, t - 4*u = 4*t - 12. Suppose -y - 2*y - w + 71 = 0, -t*y = -w - 90. What is the units digit of y?
3
Suppose -4*q + 0*p = p - 117, 0 = 5*q + 2*p - 150. What is the tens digit of q?
2
Suppose -o - o - 24 = 0. Let u be 2 - (-20)/((-6)/3). Let g = u - o. What is the units digit of g?
4
Let n = 115 - -3. What is the tens digit of n?
1
Let a(c) = -150*c + 3. What is the hundreds digit of a(-1)?
1
What is the units digit of 136 - (-9 - 20/(-4))?
0
Let k(f) = -f**2 - 4*f - 1. Let w be k(-3). Suppose w*g + 66 = 5*g. Suppose 2*i + 2*l - g = 0, 1 = 2*i - 7*l + 2*l. What is the units digit of i?
8
Suppose o = -3*o + 32. Suppose -5*p - 2 = 3*b - 9, 2*b - 8 = -5*p. Suppose 0 = p*f - o - 20. What is the tens digit of f?
1
Let a(h) = 9*h**3 + h - 7. What is the hundreds digit of a(3)?
2
Let x(y) = -y**2 + 8*y - 5. Let n = -3 + 2. Let o be (-4)/(-1) - 2/n. What is the units digit of x(o)?
7
Let f = 369 + -106. What is the tens digit of f?
6
Let l(d) = -d**3 + 2*d**2 - 3*d + 5. What is the units digit of l(-5)?
5
Let y(t) = -10*t - 10. What is the tens digit of y(-9)?
8
Let j be (-3 + 6)/(5/5). Suppose 5*y - 186 = 2*a, y + a = j*y - 74. What is the units digit of y?
8
Suppose 4*n = 9 + 47. What is the tens digit of n?
1
Let x be 0 + 0 - (1 - 1). Suppose -3*u - o + 11 = x, -5*u = -5*o + 1 - 6. What is the units digit of (1*-2 + u)*3?
3
Let f(y) = y**3 + 6*y**2 + 6*y + 5. Let s be f(-5). Let b be -3 - (-14)/2 - s. Let p = b + -3. What is the units digit of p?
1
Let f = 837 - 571. What is the hundreds digit of f?
2
What is the hundreds digit of (2/(-3))/(1/(-537))?
3
Suppose 3*d = 90 + 18. What is the units digit of d?
6
Suppose 4*h = 3*v + v + 80, v + 92 = 5*h. What is the tens digit of h?
1
Let a be (-10)/55 - (-92)/22. Suppose -10 = -a*x - y - y, 3 = x + y. What is the units digit of 28/3 + x/3?
0
Suppose 108 = 2*f + 2*f. What is the units digit of f?
7
Let f(z) = z + 2. Let a be f(5). Suppose r + a = 19. What is the units digit of r?
2
Let t(c) be the third derivative of -c**6/24 - c**5/60 + c**4/12 + c**3/2 - 7*c**2. What is the units digit of t(-2)?
5
Let h(t) be the first derivative of 10*t**3/3 + t**2 + t + 3. What is the units digit of h(-1)?
9
Suppose -15 = -4*a + 1. Suppose a*s - 6 = 8*f - 3*f, -4*s = -16. What is the units digit of f?
2
Let l(i) = i**2 - 4*i - 2. Let p be 1*-2 + 7/1. What is the units digit of l(p)?
3
Suppose -3*s = -15*s + 3744. What is the hundreds digit of s?
3
Let b = 16 + -3. What is the units digit of b?
3
Suppose -17*s - 123 = -20*s. What is the units digit of s?
1
Let q = 1 - 1. Suppose 12 = a - 3*a. What is the units digit of (-4 + q)/(5 + a)?
4
Let x(v) = 2*v**3 - 4*v - 3. Let k be (3/(-9))/(4/24). Let i be x(k). Let r = i - -20. What is the units digit of r?
9
Suppose 3*m + 14 = 2*t - 4*t, -3*t - m = 7. Let i(w) = -22*w. What is the tens digit of i(t)?
2
Suppose -6*z + 2*z = -2*s, -z = -s. Suppose z = -4*g + 8*g - 8. Suppose 6 = g*l - 16. What is the units digit of l?
1
Suppose 0 = -d + 5*p + 6, 5*d + 8 = 3*p - 6. Let z = d - -22. What is the units digit of z?
8
Let a(h) = h**3 + h**2 - h + 2. Let s be a(-2). Suppose s = -3*c + 4*c - 9. What is the units digit of c?
9
Suppose 5*i - 28 = -4*f, -5*f - 3*i + 20 = -f. Suppose 0 = a - 5*w - 51, -f*a + 15 = -w - 42. What is the units digit of a?
6
What is the units digit of ((-2)/(-6))/((-2)/(-108))?
8
Let o(q) = -7*q + 1. Let z be o(-1). Suppose -3*j = 9*h - 4*h - 38, -z = -2*h. What is the units digit of j?
6
Suppose 5*c = 33 - 8, 2*a - 15 = c. Let z(h) = -h + 27. What is the tens digit of z(a)?
1
Let l = 25 + -17. Let d(k) = 1 - 6 - 2 - k**2 + 10*k. What is the units digit of d(l)?
9
Suppose 0 = -2*h + 3*q - 8, 2 = 2*h + h - q. Suppose 0 = -2*t - c - 16, -5*t + 0*c - 41 = h*c. What is the units digit of (-2)/(-3) + (-12)/t?
2
Suppose 4*m - 4 = 24. Suppose -2*s = 4*s + 42. What is the units digit of (m/(-4))/s*28?
7
Let n(b) = -b - 4. Let p be n(-4). Let y(m) = -m + 20. What is the units digit of y(p)?
0
Let n(y) = y**2 + 6*y + 5. Let m be n(-5). Suppose -a - a + 10 = m. What is the units digit of a?
5
Suppose 2*s - 9 + 3 = 0. Let k be (5/(-2) - s)*-2. Suppose -5*o + 3*i + 11 = -16, -k = -2*o + i. What is the units digit of o?
6
Let t(x) = -32*x + 1. What is the tens digit of t(-1)?
3
Suppose 0*l + 2*l = 12. What is the units digit of 3/l*14 + -3?
4
Suppose 0 = 9*d - 8*d - 132